{"id":381,"date":"2016-09-09T20:05:33","date_gmt":"2016-09-09T19:05:33","guid":{"rendered":"http:\/\/www.villageliegeois.be\/?page_id=381"},"modified":"2019-02-20T13:28:02","modified_gmt":"2019-02-20T12:28:02","slug":"mailling","status":"publish","type":"page","link":"http:\/\/www.villageliegeois.be\/index.php\/mailling\/","title":{"rendered":"Mailling"},"content":{"rendered":"<div class=\"boxslides\"><style type=\"text\/css\">\ndiv#shslideshow_5{\n\twidth:395px;\n\tbackground-color:#000000;\n\tmargin:auto;\n}\ndiv#shslideshow_5 div.slides{\n\tposition:relative;\n\twidth:100%;\n\theight:275px;\n\tz-index:1;\n\toverflow: hidden;\n}\ndiv#shslideshow_5 div.slides a, div#shslideshow_5 div.slides img{\n\tposition:absolute;\n\ttop:0px;\n\tleft:0px;\n}\ndiv#shslideshow_5 div.slides img{\n\twidth:395px;\n\theight:275px;\n}\ndiv#shslideshow_nav_5{\n\tmargin-left:0px;\n}\ndiv#shslideshow_nav_pre_5,div#shslideshow_nav_next_5{\n\tdisplay:block;\n\tfloat:left;\n}\ndiv#shslideshow_nav_pre_5:hover,div#shslideshow_nav_next_5:hover{\n\tcursor:pointer;\n}\ndiv#shslideshow_nav_5 a,div#shslideshow_nav_pre_5,div#shslideshow_nav_next_5{\n\tmargin-right: 10px;\n\tcolor:#ffffff;\n}\ndiv#shslideshow_nav_5 a:hover,div#shslideshow_nav_5 a.activeSlide,div#shslideshow_nav_pre_5:hover,div#shslideshow_nav_next_5:hover{\n\tcolor:#ff0000;\n}div#shslideshow_nav_5{ position:absolute;margin-top:-20px;z-index:5; }div#shslideshow_nav_5 a,div#shslideshow_nav_pre_5,div#shslideshow_nav_next_5{\n\ttext-decoration:none;\n}<\/style><div id=\"shslideshow_5\" class=\"shslideshow\"><div class=\"slides\"><img decoding=\"async\" src=\"http:\/\/www.villageliegeois.be\/wp-content\/uploads\/2018\/02\/mailling_1.jpg\" alt=\"\" \/><\/div><\/div><script language=\"javascript\">\n\tjQuery(document).ready(function(){\n\t\tjQuery(\"#shslideshow_5 .slides\").cycle({\n\t\t\tfx: \"fade\",\n\t\t\tpause:0,\n\t\t\trandomizeEffects:0,\n\t\t\trandom:0,\n\t\t\tfastOnEvent:0,\n\t\t\tfit:1,\n\t\t\tspeed: 1000,pager: \"#shslideshow_nav_5\",timeout: 5000});\n\t});\n<\/script>\n\t<\/div>\n<p>Vous cherchez une solution pour le traitement de vos mailings\u00a0?<\/p>\n<p>Au d\u00e9part de toute base de donn\u00e9es, nous r\u00e9alisons le publipostage, la mise sous enveloppe, le tri et le d\u00e9p\u00f4t postal.<\/p>\n<ul>\n<li><strong>Traitement des fichiers<\/strong><br \/>\nLa premi\u00e8re \u00e9tape dans la r\u00e9alisation d\u2019un mailing passe par l\u2019accueil de la base de donn\u00e9es.\u00a0 Nous traitons des fichiers d\u2019origines diverses: Excel, Word, CSV, TXT,\u2026 Nous attribuons un \u00ab\u00a0Mail ID \u00bb avec impression d&rsquo;un code -barres unique pour chaque adresse afin d&rsquo;obtenir l&rsquo;acc\u00e8s \u00e0 un tarif pr\u00e9f\u00e9rentiel aupr\u00e8s de bpost.<\/li>\n<li><strong>Adressage<\/strong><br \/>\nAu d\u00e9part de votre base de donn\u00e9es nous imprimmons les adresses sur les enveloppes et nous les personnalisons en fonction de votre demande.<\/li>\n<li><strong>Mise sous pli\u00a0 <\/strong><br \/>\nCette \u00e9tape consiste \u00e0 plier et \u00e0 ins\u00e9rer vos documents dans l\u2019enveloppe d\u2019envoi. Vos envois personnalis\u00e9s peuvent \u00eatre accompagn\u00e9s d\u2019autres types de documents (flyers, brochure, enveloppe retour,\u2026).<\/li>\n<li><strong>D\u00e9p\u00f4t postal\u00a0 <\/strong><br \/>\nLes plis sont tri\u00e9s et conditionn\u00e9s selon les exigences de la Poste de fa\u00e7on \u00e0 garantir le meilleur tarif postal ainsi que la meilleure distribution. L\u2019affranchissement peut \u00eatre pris en charge par nos soins.<\/li>\n<\/ul>\n<p><img loading=\"lazy\" decoding=\"async\" src=\"http:\/\/www.villageliegeois.be\/wp-content\/uploads\/2015\/08\/illuConditionnement.png\" alt=\"illuCondi\" width=\"488\" height=\"325\" border=\"0\" \/><\/p>\n<div class=\"imgRight3\"><strong>Contact:<\/strong> Medina Yuksel<br \/>\n<a class=\"contact2\" href=\"mailto:conditionnement@villageliegeois.be\">conditionnement@villageliegeois.be<\/a><\/div>\n","protected":false},"excerpt":{"rendered":"<p>Vous cherchez une solution pour le traitement de vos mailings\u00a0? Au d\u00e9part de toute base de donn\u00e9es, nous r\u00e9alisons le publipostage, la mise sous enveloppe, le tri et le d\u00e9p\u00f4t postal. Traitement des fichiers La premi\u00e8re \u00e9tape dans la r\u00e9alisation d\u2019un mailing passe par l\u2019accueil de la base de donn\u00e9es.\u00a0 Nous traitons des fichiers d\u2019origines [&hellip;]<\/p>\n","protected":false},"author":1,"featured_media":0,"parent":0,"menu_order":0,"comment_status":"closed","ping_status":"closed","template":"page-nosidebar.php","meta":{"_exactmetrics_skip_tracking":false,"_exactmetrics_sitenote_active":false,"_exactmetrics_sitenote_note":"","_exactmetrics_sitenote_category":0,"footnotes":""},"class_list":["post-381","page","type-page","status-publish","hentry"],"_links":{"self":[{"href":"http:\/\/www.villageliegeois.be\/index.php\/wp-json\/wp\/v2\/pages\/381","targetHints":{"allow":["GET"]}}],"collection":[{"href":"http:\/\/www.villageliegeois.be\/index.php\/wp-json\/wp\/v2\/pages"}],"about":[{"href":"http:\/\/www.villageliegeois.be\/index.php\/wp-json\/wp\/v2\/types\/page"}],"author":[{"embeddable":true,"href":"http:\/\/www.villageliegeois.be\/index.php\/wp-json\/wp\/v2\/users\/1"}],"replies":[{"embeddable":true,"href":"http:\/\/www.villageliegeois.be\/index.php\/wp-json\/wp\/v2\/comments?post=381"}],"version-history":[{"count":6,"href":"http:\/\/www.villageliegeois.be\/index.php\/wp-json\/wp\/v2\/pages\/381\/revisions"}],"predecessor-version":[{"id":405,"href":"http:\/\/www.villageliegeois.be\/index.php\/wp-json\/wp\/v2\/pages\/381\/revisions\/405"}],"wp:attachment":[{"href":"http:\/\/www.villageliegeois.be\/index.php\/wp-json\/wp\/v2\/media?parent=381"}],"curies":[{"name":"wp","href":"https:\/\/api.w.org\/{rel}","templated":true}]}}