{"id":291,"date":"2015-08-10T09:46:31","date_gmt":"2015-08-10T08:46:31","guid":{"rendered":"http:\/\/www.villageliegeois.be\/?page_id=291"},"modified":"2015-08-10T12:22:23","modified_gmt":"2015-08-10T11:22:23","slug":"accueil-test","status":"publish","type":"page","link":"https:\/\/www.villageliegeois.be\/index.php\/accueil-test\/","title":{"rendered":"Accueil test"},"content":{"rendered":"<div class=\"BoxDiapoHomePg\" align=\"center\"><style type=\"text\/css\">\ndiv#shslideshow_1{\n\twidth:1000px;\n\tbackground-color:;\n\tmargin:auto;\n}\ndiv#shslideshow_1 div.slides{\n\tposition:relative;\n\twidth:100%;\n\theight:450px;\n\tz-index:1;\n\toverflow: hidden;\n}\ndiv#shslideshow_1 div.slides a, div#shslideshow_1 div.slides img{\n\tposition:absolute;\n\ttop:0px;\n\tleft:0px;\n}\ndiv#shslideshow_1 div.slides img{\n\twidth:1000px;\n\theight:450px;\n}\ndiv#shslideshow_nav_1{\n\tmargin-left:0px;\n}\ndiv#shslideshow_nav_pre_1,div#shslideshow_nav_next_1{\n\tdisplay:block;\n\tfloat:left;\n}\ndiv#shslideshow_nav_pre_1:hover,div#shslideshow_nav_next_1:hover{\n\tcursor:pointer;\n}\ndiv#shslideshow_nav_1 a,div#shslideshow_nav_pre_1,div#shslideshow_nav_next_1{\n\tmargin-right: 10px;\n\tcolor:#FFFFFF;\n}\ndiv#shslideshow_nav_1 a:hover,div#shslideshow_nav_1 a.activeSlide,div#shslideshow_nav_pre_1:hover,div#shslideshow_nav_next_1:hover{\n\tcolor:#FF0000;\n}div#shslideshow_nav_1{ position:absolute;margin-top:-20px;z-index:5; }div#shslideshow_nav_1 a,div#shslideshow_nav_pre_1,div#shslideshow_nav_next_1{\n\ttext-decoration:none;\n}<\/style><div id=\"shslideshow_1\" class=\"shslideshow\"><div class=\"slides\"><img decoding=\"async\" src=\"http:\/\/www.villageliegeois.be\/wp-content\/uploads\/2015\/07\/slideHome01.jpg\" alt=\"\" \/><img decoding=\"async\" src=\"http:\/\/www.villageliegeois.be\/wp-content\/uploads\/2015\/07\/slideHome02.jpg\" alt=\"\" \/><img decoding=\"async\" src=\"http:\/\/www.villageliegeois.be\/wp-content\/uploads\/2015\/07\/slideHome03.jpg\" alt=\"\" \/><img decoding=\"async\" src=\"http:\/\/www.villageliegeois.be\/wp-content\/uploads\/2015\/07\/slideHome04.jpg\" alt=\"\" \/><img decoding=\"async\" src=\"http:\/\/www.villageliegeois.be\/wp-content\/uploads\/2015\/07\/slideHome05.jpg\" alt=\"\" \/><img decoding=\"async\" src=\"http:\/\/www.villageliegeois.be\/wp-content\/uploads\/2015\/07\/slideHome06.jpg\" alt=\"\" \/><img decoding=\"async\" src=\"http:\/\/www.villageliegeois.be\/wp-content\/uploads\/2015\/07\/slideHome07.jpg\" alt=\"\" \/><\/div><div id=\"shslideshow_nav_1\" class=\"shslideshow_nav\"><\/div><\/div><script language=\"javascript\">\n\tjQuery(document).ready(function(){\n\t\tjQuery(\"#shslideshow_1 .slides\").cycle({\n\t\t\tfx: \"fade\",\n\t\t\tpause:0,\n\t\t\trandomizeEffects:0,\n\t\t\trandom:0,\n\t\t\tfastOnEvent:0,\n\t\t\tfit:1,\n\t\t\tspeed: 1000,pager: \"#shslideshow_nav_1\",timeout: 5000});\n\t});\n<\/script>\n\t<\/div>\n<p><iframe loading=\"lazy\" class=\"boxVideo\" src=\"https:\/\/www.youtube.com\/embed\/NoPGcIhHjeg\" width=\"485\" height=\"273\" frameborder=\"0\" allowfullscreen=\"allowfullscreen\"><\/iframe><\/p>\n<div class=\"boxTxthomePage\">\n&nbsp;<br \/>\nBienvenue sur le site du Village li\u00e9geois Marie-Reine Prignon.Nous sommes une entreprise de travail adapt\u00e9 qui occupe une trentaine de personnes.<\/p>\n<p>En 1986, par la volont\u00e9 de quelques parents de jeunes handicap\u00e9s naissait le Village li\u00e9geois.<\/p>\n<p>Aujourd\u2019hui, le d\u00e9sir de donner sa chance \u00e0 chacun reste plus que jamais notre moteur tout en offrant un service hautement professionnel.<\/p>\n<\/div>\n<p><img loading=\"lazy\" decoding=\"async\" src=\"http:\/\/www.villageliegeois.be\/wp-content\/uploads\/2015\/07\/illuHome.png\" alt=\"illuHome\" width=\"550\" height=\"235\" \/><\/p>\n","protected":false},"excerpt":{"rendered":"<p>&nbsp; Bienvenue sur le site du Village li\u00e9geois Marie-Reine Prignon.Nous sommes une entreprise de travail adapt\u00e9 qui occupe une trentaine de personnes. En 1986, par la volont\u00e9 de quelques parents de jeunes handicap\u00e9s naissait le Village li\u00e9geois. Aujourd\u2019hui, le d\u00e9sir de donner sa chance \u00e0 chacun reste plus que jamais notre moteur tout en offrant [&hellip;]<\/p>\n","protected":false},"author":1,"featured_media":0,"parent":0,"menu_order":0,"comment_status":"closed","ping_status":"closed","template":"page-nosidebar.php","meta":{"_exactmetrics_skip_tracking":false,"_exactmetrics_sitenote_active":false,"_exactmetrics_sitenote_note":"","_exactmetrics_sitenote_category":0,"footnotes":""},"class_list":["post-291","page","type-page","status-publish","hentry"],"_links":{"self":[{"href":"https:\/\/www.villageliegeois.be\/index.php\/wp-json\/wp\/v2\/pages\/291","targetHints":{"allow":["GET"]}}],"collection":[{"href":"https:\/\/www.villageliegeois.be\/index.php\/wp-json\/wp\/v2\/pages"}],"about":[{"href":"https:\/\/www.villageliegeois.be\/index.php\/wp-json\/wp\/v2\/types\/page"}],"author":[{"embeddable":true,"href":"https:\/\/www.villageliegeois.be\/index.php\/wp-json\/wp\/v2\/users\/1"}],"replies":[{"embeddable":true,"href":"https:\/\/www.villageliegeois.be\/index.php\/wp-json\/wp\/v2\/comments?post=291"}],"version-history":[{"count":32,"href":"https:\/\/www.villageliegeois.be\/index.php\/wp-json\/wp\/v2\/pages\/291\/revisions"}],"predecessor-version":[{"id":325,"href":"https:\/\/www.villageliegeois.be\/index.php\/wp-json\/wp\/v2\/pages\/291\/revisions\/325"}],"wp:attachment":[{"href":"https:\/\/www.villageliegeois.be\/index.php\/wp-json\/wp\/v2\/media?parent=291"}],"curies":[{"name":"wp","href":"https:\/\/api.w.org\/{rel}","templated":true}]}}